*r + 15. Suppose l + 1 + 5 = 0. Let q(x) = -5*x + 5. Let z be 0 + (-309)/(-18) + (-1)/6. Let a(y) = l*p(y) + z*q(y). What is a(-6)?
1
Let c(y) = y**2 - 14 + 11*y + 10*y**2 - 10*y**2. What is c(-12)?
-2
Suppose -d = 3*x + 12, d + 2*x = x - 6. Let k(a) = a**3 - a - 3. Give k(d).
-27
Let c(j) = -j**3 - 7*j**2 + 6*j - 5. Let x(a) = a**3 - 4*a**2 - 8*a + 9. Let h be x(5). Let l be 3 + 21/h + 15/(-2). Give c(l).
11
Suppose -2*f = 5*y + 4, 5 + 5 = -5*f - 3*y. Let t(w) = 6*w - 1. Give t(f).
-13
Let a(b) be the first derivative of b**2/2 + 2*b + 8. Let n(c) = -c**2 + 10*c + 16. Let t be n(11). Calculate a(t).
7
Suppose -4*r - 3*m + 24 = 0, -m - 12 = -2*r + m. Let j be 4*2*r*4/24. Let l(v) = v**2 - 5*v - 11. Give l(j).
13
Let q(d) be the first derivative of d**4/4 - d**3 + d**2 + 4*d - 21. Determine q(3).
10
Let u(o) = -o**2 + 7*o + 7. Let m = 123 - 119. Let g be ((-154)/11)/(-1*m + 2). Determine u(g).
7
Let i(o) = -o - 1 - 4*o + o - 1. Suppose 0 = -4*p + l, -3*p + l + l + 5 = 0. Let g be i(p). Let x(a) = -2*a**2 + 2*a. Calculate x(g).
-4
Let l(h) = 3*h**2 - 10*h + 1. Let k(i) = -4*i**2 + 11*i - 2. Let z(x) = -2*k(x) - 3*l(x). Let u = -16 - -24. Give z(u).
1
Let p(q) = 3*q**3 - 11*q**2 - 26*q + 5. Let w(b) = 2*b**3 - 5*b**2 - 14*b + 2. Let k(d) = -3*p(d) + 5*w(d). Calculate k(-7).
-12
Let u(c) = -c + 5. Let t(n) = n**2 - 15*n + 20. Let y be t(15). Suppose -7 = -4*s - l, 5*s = -l + 2*l + y. Calculate u(s).
2
Suppose 0 = 2*a - a - 2. Let g(t) = -t**3 + 8*t**a - 17*t**2 - 7*t + 17*t**2 - 2. Give g(7).
-2
Let a(f) = 11*f**2 + 41*f + 1. Let x(n) = -4*n**2 - 14*n. Let u(m) = -6*a(m) - 17*x(m). What is u(6)?
18
Suppose -20*h + 24*h + 3*m - 19 = 0, -m + 9 = 2*h. Let z(p) = -p**3 + 3*p**2 + 8*p - 10. What is z(h)?
6
Let k(b) = -b**3 + 5*b**2 - 4*b - 1. Suppose -5*z - 2*a = -23, 8*z - a - 2 = 6*z. Calculate k(z).
5
Suppose 2*j = 3*g - 1 + 16, -3*g = 15. Let w(u) = u**2 - 48. Determine w(j).
-48
Let g(b) = -8693*b + 5 - 8699*b - 8702*b + 26092*b. Let c(l) = l**2 + l - 1. Let x be c(0). Let f be (-1)/(x/5) + 1. Calculate g(f).
-7
Suppose -45 = 2*v - 5. Let d be -18 - (-4*1 + (-40)/(-8)). Let i = d - v. Let z(q) = 5*q - 1. Give z(i).
4
Let j(b) be the first derivative of b**4/4 - 8*b**3/3 + 2*b**2 + 8*b + 95. What is j(6)?
-40
Let n(j) = j**3 + 6*j**2 - 3*j - 15. Let h(b) = 15*b + 9. Let s be h(-1). Determine n(s).
3
Let u(c) be the first derivative of -c**6/360 + 5*c**4/12 - 11*c**3/3 - 1. Let h(a) be the third derivative of u(a). Calculate h(0).
10
Let z = -493 + 489. Let u(n) = 7*n**2 - 4*n + 9. Let q(y) = -3*y**2 + 2*y - 4. Let p(o) = -9*q(o) - 4*u(o). Give p(z).
-8
Let q(g) = -g - 5 + 2 + 3*g - 3. Let t = 2 + -13. Let p = -6 - t. Determine q(p).
4
Suppose -7*l - 7 = -8*l. Suppose l*c - 3*c = 0. Let o(b) = b**2 + 3. Give o(c).
3
Suppose -5*i + 32 = -2*z, -10*z + 5*z - 46 = -4*i. Let v(s) = -s**2 - 9*s - 11. Calculate v(z).
7
Let l(u) = u**2 + 4*u - 2. Let s(p) = -3*p**2 - 3*p - 1. Let h(f) = 4*f**2 + 4*f + 1. Let m(k) = -4*h(k) - 5*s(k). Let r(b) = -l(b) - 2*m(b). Determine r(2).
0
Let n(g) = -g**2 - 11*g - 11. Let x be n(-9). Let d = 10 - x. Let o(r) = -3*r**2 - 7*r + 2*r**2 - d*r**2 + 5*r**2 + 4. Calculate o(6).
-2
Let l(f) = 2*f + 6 - 3*f**3 - 5*f**3 + 3*f**3 - 4*f**2. Let n(u) = 6*u**3 + 4*u**2 - 3*u - 6. Let m(o) = 7*l(o) + 6*n(o). Let t = 7 + -3. Give m(t).
-10
Let f(d) = d**2 - 7*d + 9. Suppose 0 = 6*p - 13*p + 140. Suppose -5*r + 15 = -p. What is f(r)?
9
Let h(n) be the third derivative of -n**4/12 - 65*n**2. Let c be 7 + -3*(-4)/(-6). Determine h(c).
-10
Suppose 2*j = -4*d - 75 + 41, 4*d + 13 = j. Let u(b) = -7*b - 10. Calculate u(j).
39
Let z = 18 - 8. Let j be (-6)/z - (-280)/50. Let m(c) = c**2 - 7*c - 1. Calculate m(j).
-11
Let j(a) = -a**3 + 2*a - 1. Let m(v) = -5*v + 55. Let g be m(10). Suppose 3*c = 2*u - 0 + g, -4*c + 4*u = -8. Determine j(c).
0
Let l(j) = -j**3 + 12*j**2 + 13*j + 13. Suppose 2*a - 21 = -2*p + 9, -p = -a + 11. Give l(a).
13
Suppose 17*c = 4*c - 39. Let p(t) = t**3 + 2*t**2 + 4*t + 2. What is p(c)?
-19
Let i(m) = m**2 + 8. Suppose 0 = -z + 3*l - 10, z - 2*l = -2*z - 16. Give i(z).
24
Let l = -79 - -81. Let q(j) = 85 - j**l - 2*j - 86 + 2*j - j. Give q(2).
-7
Let s(f) = f + 4. Let c(n) = -9*n - 10. Let a(y) = c(y) + 2*s(y). What is a(5)?
-37
Let u(p) be the first derivative of 1/60*p**5 + 1/6*p**3 + 7/24*p**4 + 2 + p**2 + 0*p. Let m(t) be the second derivative of u(t). Determine m(-6).
-5
Let u(n) = -4*n**3 + 10*n**2 + 3. Let d(z) = 11*z**3 - 29*z**2 + 2*z - 9. Let s(q) = -3*d(q) - 8*u(q). Calculate s(6).
3
Suppose 5*o + 3*i = 6, -o + 0*o - 4 = -2*i. Let l(k) be the second derivative of k**4/12 + k**3/6 - 3*k**2/2 + 2*k - 21. Give l(o).
-3
Suppose 0 = 8*n - 5*n - 2*x + 1, -11 = -2*n - x. Let w(l) = -8*l + 4. Calculate w(n).
-20
Let c(z) = 4504*z - 6 + z**3 + 1 - 4500*z + 6*z**2. Suppose -6*h + h - 2*a - 23 = 0, -5*a = -h - 10. What is c(h)?
0
Let y(v) be the first derivative of 3*v + 12 + 1/2*v**2. Determine y(-5).
-2
Let j(q) = q**2 - 25*q + 21*q - 6 - 5*q. What is j(10)?
4
Let b(x) be the third derivative of 0*x - 5*x**2 - 1/12*x**4 - 5/6*x**3 + 0. Determine b(-5).
5
Let t(w) be the third derivative of 6*w**2 + 1/6*w**3 + 0*w + 1/24*w**4 + 1/30*w**5 + 0. Let o(a) be the first derivative of t(a). Give o(-1).
-3
Suppose 163*r - 173*r + 80 = 0. Let v(l) = 3*l - 10. Calculate v(r).
14
Let n be -5*(2 + -1*3). Let c(s) be the second derivative of -s**5/20 + 5*s**4/12 + s**3/2 - 3*s**2/2 + 25*s - 2. Determine c(n).
12
Let v(a) = -a + 17. Let m be ((1/2)/(19/722))/1. Determine v(m).
-2
Let x be 5 + 1/(3/(-6)). Let g(n) be the second derivative of n**4/12 - n**3/2 - 2*n**2 - 29*n. Give g(x).
-4
Let v(z) = -3*z**2 + 35*z - 19. Let d be v(11). Let n(o) = -9*o + 6 + d*o - 2*o + 7*o. What is n(-7)?
13
Let g(q) = -5*q - 1. Let r(h) = -12*h - 3. Let f(w) = 9*g(w) - 4*r(w). Determine f(-4).
-9
Let o(h) be the third derivative of 0*h + 0 + 2*h**2 - 1/120*h**6 - 1/60*h**5 - 1/12*h**4 - 1/6*h**3. What is o(-2)?
7
Let t(o) = 0*o**2 + o**3 - 8*o**2 + 7*o**2 - 12*o**3. Calculate t(1).
-12
Let b(k) = -3*k**2 + 2*k + 2. Let v = -1 + 2. Suppose 0 = 8*z - 19*z + 33. Let y be (-4)/(z/(-1) + v). What is b(y)?
-6
Let l(k) = -k**2 + 7*k - 6. Let h be l(4). Let p(d) = -21*d - d**3 + 7*d**2 + 135 + 14*d - 127. What is p(h)?
2
Let o(c) be the first derivative of -c**2 + 3. Suppose 5*l = -2*s + 20, -2*l + 4 = s - 5. Let k = 4 - l. Give o(k).
-4
Suppose 2*l - 14 = -o - 0*o, 5*l - 34 = -2*o. Let s = 9 - l. Let c be s*((-21)/9 - -2). Let i(u) = u. Calculate i(c).
-1
Let y(c) = -c**3 + 14*c**2 - 2*c - 20. Let x(m) = m**3 - 15*m**2 + 3*m + 20. Let f(h) = -4*x(h) - 5*y(h). Calculate f(10).
0
Let y(l) = 2*l**3 - 7*l**2 - 3*l + 2. Let t be y(4). Suppose -g - 19 = 3*c, -3*c - 25 = 4*g + t. Let i(d) = -d - 1. Calculate i(c).
4
Let a(j) be the second derivative of j**3/6 - 3*j**2/2 + 142*j. Give a(-7).
-10
Let f(w) = -w**3 + 2*w - 2. Let x(n) = 3*n**3 - 11*n**2 - 15*n + 4. Let v(d) = 5*f(d) + x(d). Determine v(-5).
-6
Let m(w) = 0*w**2 - w**3 + 1 - 6*w**2 - 14494*w + 14492*w. Give m(-2).
-11
Let u(j) = 9*j**2 - 4*j - 21. Let g be u(-4). Let h(n) = g*n - 278*n + 137*n. Determine h(1).
-2
Let z(v) = -v**2 + 7*v - 4. Let f be (0 + 2)*(-90)/(-20). Let r(o) = f + 3 + 0*o - o + 5. Let h be r(12). Calculate z(h).
6
Let v(m) = 3*m - 1. Let l be v(3). Suppose -2*u - l = -s, 5*s = -u + 6*u + 30. Let i(k) = -k**3 - k**2 + 4 - 1 + 2 - 3. Calculate i(u).
6
Let k(p) be the first derivative of -p**3/6 + 3*p**2/2 - 36*p + 4. Let v(d) be the first derivative of k(d). What is v(9)?
-6
Let h(t) = 28*t**3 + 9*t**2 + 5*t - 28. Let j(q) = -3*q**3 + 1. Let u(k) = -h(k) - 9*j(k). Calculate u(-8).
-5
Suppose 2*q + 2*q = -4, 0 = -z - 3*q + 3. Suppose 147*c = 151*c - 36. Let l = z - c. Let h(b) = b**2 - 4. What is h(l)?
5
Let g(h) = -h**2 + 10*h - 6. Let q be g(7). Let w = q + -10. Suppose -j - c = 4*c + 27, -w*j - 3*c - 25 = 0. Let m(z) = z**2 - z + 2. Give m(j).
8
Suppose 3*v = 4*o - 9 - 18, -5*o + v = -31. Let a(n) = -5 + n**3 + 4*n + n**3 - n**3 - 7*n**2. Calculate a(o).
-17
Let d(m) = -2*m**2 + 14*m - 18. Let k be d(6). Let o(u) = -u**2 - 8*u. Determine o(k).
12
Let x = -87 - -93. Let v(a) = -4 + 3 - x*a**3 + 0*a - 2*a + 0*a. Calculate v(-1).
7
Let m(q) = 5*q**2 + 3*q + 2. Let o be m(-2). 